+ 4
3
6 - (-9 + (2 - -4) + 5)
4
Calculate 1 - (1 - 4) - 3.
1
What is the value of 10 + -12 - (1 + 2 + 0)?
-5
-9 - -15 - 10 - (0 - 1)
-3
Calculate 1 + 4 - (1 + 4).
0
Calculate -1 - 2 - -5 - -2.
4
What is -9 - -2 - (18 + -21)?
-4
What is the value of 5 - (-3 + 9 + -4)?
3
Calculate 0 - (0 + 1 + 3).
-4
What is the value of 2 - (5 + -9 + 13) - -2?
-5
Evaluate 2 + (-2 - 4) + 4.
0
What is the value of -5 - (-11 - (2 + -4))?
4
What is the value of 3 - (3 + -4) - 3?
1
What is the value of -4 + -4 - (12 + -14)?
-6
Calculate 3 - -1 - (-2 + 4).
2
What is -6 + 0 + (2 - (2 - 2))?
-4
Evaluate 4 - (-10 - -8) - (5 + -1).
2
What is (-43 - -41) + 0 + (0 - -2)?
0
Calculate 19 + -16 + 1 - (3 - 1).
2
What is -6 + 20 + (-3 - 9)?
2
(1 - 4) + -5 + 2
-6
Evaluate (19 + -5 - (4 - -3)) + -4.
3
What is the value of -5 + (0 - 0) + (-27 - -27)?
-5
What is the value of 2 + -1 + (-2 - (1 - 1))?
-1
What is the value of 4 - (2 + -2) - -1?
5
Calculate 3 - (8 + -1 + (11 - 14)).
-1
Evaluate 1 + -2 + 4 + -1.
2
Evaluate 6 + (-7 - -10) + -3.
6
What is (8 - 1) + -7 - 3?
-3
Evaluate 3 + (5 - 0 - 7) + -5.
-4
What is 5 + -2 + -9 + 5?
-1
-4 + -4 + (3 - -5)
0
What is -4 + (11 + -3 - 5 - 5)?
-6
Evaluate (16 - (-7 + 16)) + -11.
-4
91 + -85 + (0 - 8)
-2
What is the value of -1 + 2 + (-21 - -22)?
2
Calculate (1 - 0) + -9 + (3 - -6).
1
-5 + 0 + (-2 - (3 - 5))
-5
Calculate (14 + 3 - 10) + 0 + -16.
-9
Calculate (66 - 65) + -9 + 1 + -1.
-8
11 - 6 - (0 + -2 - -4)
3
Calculate (19 - 9) + (1 - 1) + -4.
6
Evaluate 1 + (3 - (6 + 1)).
-3
What is 5 + (4 + -4 + 3 - 7)?
1
Calculate (-14 - -16) + 7 + 0.
9
Evaluate (2 - 4 - (0 - -3)) + 6.
1
7 + (-4 + -5 - -6)
4
Calculate 16 + -11 + -6 + 2 + 0.
1
What is the value of 1 + 0 - (3 + 0 + -5)?
3
Evaluate -4 + 5 - 2 - -1.
0
What is 47 + -46 - (0 - 1 - 0)?
2
2 - 7 - (17 - 26)
4
What is the value of -3 + (6 - (6 + 3))?
-6
Calculate -1 + 0 - (14 - (19 - 9)).
-5
What is -4 + (4 + 0 - (-20 + 17))?
3
What is (-8 + 5 + 0 - 2) + 8?
3
What is the value of (-1 - -5) + 0 + 0?
4
Calculate 6 + -3 - (3 - -2).
-2
Calculate (2 - -2 - -6) + -16.
-6
Evaluate 2 + 2 - (13 - (5 - 1)).
-5
What is the value of 2 + (-2 - 4) + -1?
-5
What is -1 - ((13 - 24) + 11)?
-1
Calculate (-19 - -42) + -17 + (1 - 3).
4
(12 - 5) + (-7 - 1)
-1
1 - (-3 + 5) - (-3 + 6)
-4
What is 0 + -2 + (-4 - -3)?
-3
What is 6 - (12 - (9 + (-13 - -4)))?
-6
What is (10 - -2) + -7 + 1?
6
Evaluate -5 - (0 + -3 + -4) - -5.
7
What is 0 + 0 - (-56 - -53)?
3
What is the value of -1 + (-1 - -1) + -2 + 0?
-3
Calculate (3 - 2) + -10 + 4.
-5
Evaluate 7 - (-1 - (-5 + -1) - -7).
-5
4 - (7 + 9 + -3)
-9
Calculate (4 - -5) + 1 + -9.
1
What is the value of -4 + 2 + 6 + (-2 - -1)?
3
What is -2 + 5 + 2 + -1 - 1?
3
What is the value of -10 - (1 - (22 + -11))?
0
Calculate 2 + -2 + -2 + (14 - 13).
-1
Evaluate 20 - 22 - (8 - 3).
-7
What is -4 - -7 - 5 - 3?
-5
Calculate -12 + 14 - (0 - 1) - 4.
-1
What is the value of (-9 - -7) + 1 + 6?
5
What is the value of (14 + -15 - (4 + -1)) + 1?
-3
What is -1 + -2 + -2 + 3 + -6?
-8
Calculate (-5 - -18) + -28 + (0 - -7).
-8
What is -12 + -1 + 13 + -2?
-2
3 + (-1 - 4 - -3)
1
Evaluate -4 + 0 + (-2 - 1 - 0).
-7
What is the value of 11 + (-2 + -8 - -1)?
2
Calculate (0 - 0) + -9 + 10.
1
1 - (-10 - -2) - 4
5
7 + -2 + 3 + -10
-2
(2 - -3) + -3 + 3
5
Evaluate 4 - ((11 - 10) + 7 + 0).
-4
(-3 + -2 + 6 - 8) + 4
-3
What is 2 - -7 - (19 + -17)?
7
4 + (-3 + 5 - 5)
1
Calculate (-28 - -34) + (6 - 3).
9
What is (0 + 0 - -1) + (-5 - 3)?
-7
What is -1 + (-1 - -1 - (-5 - -10))?
-6
Evaluate ((2 - -3) + -7 - -1) + 7.
6
What is the value of 6 - (0 + 5 - 3)?
4
What is the value of 3 + (2 + 4 + -2 - 9)?
-2
What is 4 + (3 - (4 - -4)) + 2?
1
Calculate (0 - -2 - -4) + -3 + -7.
-4
What is -3 + (0 + 3 - (2 + -1))?
-1
Evaluate (6 - 1) + 7 - 7.
5
Evaluate 0 + 10 + -5 - 7 - -2.
0
What is the value of 7 - (7 + -6) - (21 + -15)?
0
What is the value of (0 - 2) + (14 - 9)?
3
What is -1 + 6 - (5 - 2)?
2
Evaluate 6 - (-6 + 20 + -8).
0
Calculate -7 + 1 + 0 + 4.
-2
What is the value of 3 + -6 - (2 - 6)?
1
What is -7 + 3 - (0 - 11)?
7
Calculate -5 - ((-2 - -2 - 1) + -7).
3
-9 - -1 - (3 + -16 + 8)
-3
0 + (7 - 9) + 7 + -2
3
-6 + 7 + -3 + 3
1
What is (-4 - -14 - 16) + -2 + 7?
-1
What is the value of -2 + (2 - (-4 - -8))?
-4
Evaluate -44 + 62 + (-2 - 8).
8
What is the value of -1 + 2 + -3 - (4 + -2)?
-4
Calculate -13 + -1 - (-13 - -7).
-8
Calculate 2 + 1 + (-8 - 1).
-6
Calculate -4 - (-5 + -2 - 1).
4
Calculate -4 + (2 - 5 - -8).
1
Evaluate (53 - 51 - (1 + 15)) + 7.
-7
What is the value of 0 + (-12 - -21) + -10?
-1
-1 - (-3 + 4 + 0)
-2
Calculate 2 + -4 + 1 + (5 - 11).
-7
Calculate -97 + 103 - (-1 + -1 + 10).
-2
8 + (2 - 12) - (-5 - 0)
3
What is the value of 7 + -2 + (4 - 8)?
1
Calculate -7 + 12 + -3 - -6 - 6.
2
What is -7 - (1 + 1) - -6?
-3
Calculate (77 - 76) + (6 - 0).
7
What is 11 - 1 - 6 - (2 + 4)?
-2
What is -8 + -1 + (2 - -7)?
0
6 + -9 + (3 - (-2 - -2))
0
Calculate (3 + 3 + -3 - -3) + 0.
6
What is 6 + (-13 - -1) + 2?
-4
-1 - -2 - 0 - (1 - 3)
3
Evaluate -5 - (-5 - -2) - 4.
-6
4 + 2 + -3 + 1
4
What is the value of -1 + 4 + (5 - 14 - -2)?
-4
Evaluate -2 + (-3 - (-13 + 3 - -3)).
2
What is the value of 1 + -3 + 2 + -5?
-5
What is the value of 5 - (5 - (3 + 0))?
3
Calculate -2 + -1 + (11 - 9).
-1
Evaluate (2 - 10 - -1) + 8.
1
What is (-4 - -1 - (-6 + 1)) + 0?
2
What is the value of (-3 - (2 + -1)) + -4 + 7?
-1
Evaluate (10 - 15) + (1 - 2).
-6
Evaluate -5 + (-4 - -6 - -7) - -2.
6
What is the value of (1 - -4 - 13) + 7 + 0?
-1
Calculate 4 + -2 + -6 - -2.
-2
-5 + -3 + 4 + 10
6
Evaluate (-3 + 8 - (3 + -5)) + 2.
9
What is the value of -17 - -27 - (2 + 9)?
-1
What is the value of -6 - (1 - (10 - 8)) - -15?
10
Evaluate -1 + 4 - (-8 - (-2 - 15)).
-6
What is the value of -5 + (2 - 1 - (-4 - -3))?
-3
What is -1 - (-6 + 16 + -1 + -1)?
-9
(-19 + 18 - -3) + (4 - -1)
7
Evaluate -1 - (-1 + 0) - 3 - 1.
-4
Calculate (4 - 0) + -6 - (3 - 3).
-2
What is 5 - (1 + 4 + -2)?
2
-21 + 4 + 5 + 14
2
Calculate 3 + -7 + 2 + -11 + 16.
3
What is 7 + 4 + (-4 - 6)?
1
What is (4 - (1 + -1)) + 2 + -3?
3
What is -1 - (3 + -4 + 3)?
-3
Evaluate (3 - 7) + -3 - -9.
2
What is the value of -6 - ((-3 - -8 - 12) + 5)?
-4
What is the value of 3 + 0 - (5 - 1)?
-1
What is (-3 - -13 - 8) + -8?
-6
5 + (-15 - -6) - 2
-6
Evaluate (-1 - 2) + (0 - (10 - 15)).
2
What is (4 - 8) + (-1 + 9 - -1)?
5
What is the value of (0 - (1 - 1)) + 3?
3
What is the value of (14 - (-3 - 2)) + -14?
5
What is 12 - 2 - (-36 + 44)?
2
What is the value of -7 + 5 - (0 - 3)?
1
Calculate 1 - 11 - -18 - 11.
-3
What is -5 + -3 + 3 + -44 + 44?
-5
What is 7 + 4 + -9 + -6?
-4
What is 2 + (-13 + 3 - -4)?
-4
Calculate -28 + 20 - (-13 + 0 + -1).
6
(-10 - -5) + (1 - -1)
-3
-2 + (5 - 3) + 4 + 1
5
What is -5 + 5 + -2 + -2?
-4
What is (2 - 0) + (-6 - (0 + -4))?
0
What is the value of -15 + 19 + -3 + 1?
2
-3 + 1 + -5 + 2
-5
0 - ((5 - 0) + -5)
0
Evaluate (4 + -3 - -1) + (-5 - -1).
-2
What is the value of (1 + -1 - (9 + -8)) + -4?
-5
What is the value of (0 + 1 - -2) + -5 - -1?
-1
-9 - (8 + -11 - 4)
-2
Evaluate 63 - 74 - (-1 + -4).
-6
(3 - (-18 + 16)) + -1 + -2
2
What is the value of 2 - 8 - (11 - 13)?
-4
Calculate 2 + -1 + (21 - 20) - 3.
-1
Evaluate 3 + 14 - (32 - 22).
7
Calculate 5 - (6 - 8) - 3.
4
Calculate (8 - 1) + -5 + 1.
3
(8 - 2) + 4 + (4 - 13)
1
What is the value of -9 + (15 - 3) + 3?
6
Evaluate -3 + (-7 - -3) + 12 + -12.
-7
What is the value of (1 - -1) + -3 + -8 + 10?
1
(9 - 29) + 10 + 9
-1
Evaluate -2 + -3 + -3 + 2 + 1.
-5
Calculate 3 - (6 - (2 - -3)).
2
What is the value of 2 + -6 - (-8 + 2)?
2
Calculate -8 + 2 + -3 + 6 - -6.
3
Evaluate 0 - 3 - 1 - (0 - 4).
0
What is 2 - 3 - (-14 + 13)?
0
6 + (-2 + -7 - -5 - 1)
1
Calculate -9 - ((-8 - -6) + -8 + 6).
-5
What is -4 - (0 + 2 + -11 + 4)?
1
Evaluate 1 - (4 - (-4 + (4 - -1))).
-2
What is 3 - (-1 + 8 + 0 + -5)?
1
Evaluate -11 + 3 + 0 + 9.
1
Evaluate 1 + -11 + 9 + -3.
-4
13 + 1 - 9 - 5
0
1 + (-1 + 3 - (-28 - -28))
3
(-12 - -6) + 0 + 5
-1
Calculate 2 + -4 + 4 - 4.
-2
What is -5 + (3 - -3 - 5)?
-4
Calculate 11 - (12 + 0 + -3).
2
-2 + (-3 - (0 + 1) - -2)
-4
What is the value of 8 - (20 + -2 + -4)?
-6
(20 - (-4 + 14)) + -1
9
Calculate 8 + (51 - 54) + -1 + -3.
1
What is the value of -1 + (2 - 3 - (-2 + 1))?
-1
Evaluate -5 + (5 - (0 - -3)).
-3
Calculate -6 - (3 + -13 - (3 + -8)).
-1
Calculate 